
What is the remainder when 150 is divided by 19?
17
Calculate the remainder when 1001 is divided by 117.
65
Calculate the remainder when 172 is divided by 30.
22
Calculate the remainder when 1310 is divided by 9.
5
Calculate the remainder when 666 is divided by 332.
2
What is the remainder when 453 is divided by 8?
5
What is the remainder when 139 is divided by 28?
27
What is the remainder when 332 is divided by 7?
3
What is the remainder when 528 is divided by 76?
72
Calculate the remainder when 129 is divided by 34.
27
What is the remainder when 3022 is divided by 144?
142
What is the remainder when 419 is divided by 10?
9
What is the remainder when 124 is divided by 13?
7
What is the remainder when 190 is divided by 72?
46
Calculate the remainder when 267 is divided by 67.
66
What is the remainder when 24841 is divided by 39?
37
Calculate the remainder when 12618 is divided by 21.
18
Calculate the remainder when 223 is divided by 63.
34
Calculate the remainder when 95 is divided by 8.
7
What is the remainder when 3251 is divided by 20?
11
Calculate the remainder when 1585 is divided by 41.
27
Calculate the remainder when 672 is divided by 667.
5
What is the remainder when 4848 is divided by 10?
8
Calculate the remainder when 355 is divided by 30.
25
What is the remainder when 199 is divided by 71?
57
What is the remainder when 797 is divided by 40?
37
Calculate the remainder when 1745 is divided by 38.
35
Calculate the remainder when 1498 is divided by 376.
370
What is the remainder when 1153 is divided by 7?
5
Calculate the remainder when 113 is divided by 32.
17
What is the remainder when 167 is divided by 29?
22
What is the remainder when 275 is divided by 6?
5
What is the remainder when 208 is divided by 58?
34
Calculate the remainder when 2710 is divided by 13.
6
Calculate the remainder when 1906 is divided by 112.
2
Calculate the remainder when 502 is divided by 28.
26
Calculate the remainder when 12967 is divided by 17.
13
What is the remainder when 1915 is divided by 15?
10
Calculate the remainder when 72 is divided by 13.
7
What is the remainder when 48 is divided by 7?
6
Calculate the remainder when 814 is divided by 173.
122
What is the remainder when 718 is divided by 73?
61
What is the remainder when 631 is divided by 52?
7
What is the remainder when 64749 is divided by 48?
45
What is the remainder when 135 is divided by 10?
5
What is the remainder when 2965 is divided by 56?
53
Calculate the remainder when 1308 is divided by 23.
20
What is the remainder when 5110 is divided by 4?
2
What is the remainder when 2729 is divided by 70?
69
Calculate the remainder when 499 is divided by 233.
33
What is the remainder when 3668 is divided by 216?
212
What is the remainder when 441 is divided by 2?
1
What is the remainder when 1069 is divided by 20?
9
What is the remainder when 45324 is divided by 131?
129
Calculate the remainder when 78 is divided by 10.
8
Calculate the remainder when 139 is divided by 24.
19
What is the remainder when 187 is divided by 172?
15
Calculate the remainder when 1228 is divided by 77.
73
Calculate the remainder when 8269 is divided by 47.
44
What is the remainder when 44 is divided by 43?
1
Calculate the remainder when 91 is divided by 31.
29
Calculate the remainder when 608 is divided by 72.
32
What is the remainder when 37 is divided by 11?
4
What is the remainder when 85 is divided by 33?
19
Calculate the remainder when 125 is divided by 18.
17
Calculate the remainder when 2136 is divided by 93.
90
Calculate the remainder when 1789 is divided by 883.
23
What is the remainder when 121 is divided by 25?
21
Calculate the remainder when 541 is divided by 22.
13
What is the remainder when 929 is divided by 61?
14
What is the remainder when 616 is divided by 86?
14
Calculate the remainder when 1763 is divided by 54.
35
What is the remainder when 545 is divided by 511?
34
What is the remainder when 292 is divided by 97?
1
Calculate the remainder when 6 is divided by 1.
0
What is the remainder when 8214 is divided by 13?
11
Calculate the remainder when 1612 is divided by 95.
92
Calculate the remainder when 554 is divided by 78.
8
What is the remainder when 124 is divided by 63?
61
Calculate the remainder when 4475 is divided by 22.
9
What is the remainder when 1732 is divided by 14?
10
What is the remainder when 242 is divided by 20?
2
What is the remainder when 5698 is divided by 41?
40
What is the remainder when 6606 is divided by 112?
110
Calculate the remainder when 119 is divided by 28.
7
Calculate the remainder when 10720 is divided by 145.
135
What is the remainder when 2428 is divided by 90?
88
Calculate the remainder when 526 is divided by 23.
20
What is the remainder when 74 is divided by 16?
10
What is the remainder when 157 is divided by 56?
45
Calculate the remainder when 284 is divided by 2.
0
Calculate the remainder when 196 is divided by 78.
40
Calculate the remainder when 431 is divided by 54.
53
What is the remainder when 1998 is divided by 77?
73
What is the remainder when 4017 is divided by 49?
48
Calculate the remainder when 1249 is divided by 139.
137
What is the remainder when 134 is divided by 47?
40
What is the remainder when 13 is divided by 8?
5
Calculate the remainder when 428 is divided by 98.
36
Calculate the remainder when 334 is divided by 20.
14
Calculate the remainder when 250 is divided by 117.
16
Calculate the remainder when 329 is divided by 5.
4
Calculate the remainder when 778 is divided by 39.
37
Calculate the remainder when 712 is divided by 66.
52
Calculate the remainder when 3514 is divided by 141.
130
Calculate the remainder when 385 is divided by 191.
3
What is the remainder when 206 is divided by 49?
10
What is the remainder when 946 is divided by 6?
4
What is the remainder when 17464 is divided by 312?
304
What is the remainder when 178 is divided by 94?
84
What is the remainder when 267 is divided by 33?
3
Calculate the remainder when 329 is divided by 66.
65
Calculate the remainder when 1660 is divided by 16.
12
Calculate the remainder when 662 is divided by 123.
47
Calculate the remainder when 346 is divided by 122.
102
What is the remainder when 851 is divided by 10?
1
What is the remainder when 167 is divided by 28?
27
What is the remainder when 302 is divided by 100?
2
What is the remainder when 192 is divided by 4?
0
What is the remainder when 39 is divided by 9?
3
What is the remainder when 135 is divided by 71?
64
Calculate the remainder when 13180 is divided by 39.
37
What is the remainder when 1147 is divided by 379?
10
What is the remainder when 781 is divided by 196?
193
What is the remainder when 136 is divided by 23?
21
What is the remainder when 909 is divided by 12?
9
What is the remainder when 137 is divided by 14?
11
Calculate the remainder when 118 is divided by 17.
16
Calculate the remainder when 495 is divided by 125.
120
What is the remainder when 201 is divided by 26?
19
What is the remainder when 232 is divided by 15?
7
What is the remainder when 228 is divided by 78?
72
What is the remainder when 2989 is divided by 2988?
1
What is the remainder when 193 is divided by 40?
33
What is the remainder when 409 is divided by 191?
27
Calculate the remainder when 35 is divided by 33.
2
Calculate the remainder when 571 is divided by 22.
21
Calculate the remainder when 118 is divided by 7.
6
Calculate the remainder when 636 is divided by 29.
27
What is the remainder when 355 is divided by 29?
7
Calculate the remainder when 390 is divided by 41.
21
What is the remainder when 116 is divided by 30?
26
What is the remainder when 3130 is divided by 58?
56
What is the remainder when 795 is divided by 133?
130
Calculate the remainder when 3014 is divided by 29.
27
Calculate the remainder when 169 is divided by 2.
1
What is the remainder when 2598 is divided by 5?
3
What is the remainder when 148 is divided by 17?
12
Calculate the remainder when 951 is divided by 20.
11
What is the remainder when 109 is divided by 107?
2
What is the remainder when 488 is divided by 70?
68
Calculate the remainder when 327 is divided by 107.
6
Calculate the remainder when 91 is divided by 24.
19
What is the remainder when 182 is divided by 30?
2
Calculate the remainder whe